67 a factor of 28377584?
False
Is 114 a factor of 100236324?
True
Does 582 divide 519013632?
True
Is 4370115512 a multiple of 457?
True
Is 574 a factor of 21659316?
True
Is 87493992 a multiple of 43?
True
Is 98174865 a multiple of 492?
False
Does 32 divide 18963138?
False
Does 785 divide 17854040?
True
Does 19 divide 58719044?
True
Does 6426 divide 241174206?
True
Is 12 a factor of 21304507?
False
Is 4 a factor of 2317488?
True
Is 440709865 a multiple of 1220?
False
Is 360808059 a multiple of 46?
False
Is 51761769 a multiple of 71?
True
Is 324 a factor of 60158457?
False
Is 25550323 a multiple of 362?
False
Is 163 a factor of 40538430?
False
Does 28 divide 1358980?
True
Is 6153301525 a multiple of 3325?
True
Is 25887256 a multiple of 29?
True
Does 262 divide 105528622?
True
Does 4224 divide 436300472?
False
Does 172 divide 52868563?
False
Does 267 divide 978271055?
False
Is 4 a factor of 162081604?
True
Is 36899410 even?
True
Is 242235630 a multiple of 90?
True
Is 4241202215 a multiple of 43?
False
Is 1820 a factor of 730859220?
True
Does 33 divide 752439402?
True
Is 221 a factor of 43817228?
True
Does 942 divide 20798941?
False
Is 3748761 a multiple of 3?
True
Is 44 a factor of 1561516?
True
Is 84 a factor of 1469679?
False
Is 567459 a multiple of 41?
False
Does 58 divide 171246556?
False
Does 112 divide 9005696?
True
Does 34 divide 256374310?
False
Is 177000175 a multiple of 275?
True
Is 2207805769 a multiple of 5286?
False
Is 78 a factor of 1060805538?
True
Is 188919096 a multiple of 12?
True
Is 72 a factor of 327803328?
True
Does 12 divide 33587856?
True
Is 1127573558 a multiple of 458?
True
Is 27 a factor of 72889605?
True
Is 11 a factor of 111153559?
True
Does 32 divide 161416896?
True
Does 41 divide 71605475?
True
Is 128954427 a multiple of 1281?
True
Does 331 divide 38715415?
True
Does 124 divide 29417388?
True
Does 7596 divide 454605408?
True
Is 378324891 a multiple of 1219?
False
Is 6212049 a multiple of 174?
False
Is 2680 a factor of 4300978?
False
Is 830275236 a multiple of 1308?
True
Does 142 divide 583535226?
True
Does 79 divide 2064739832?
False
Is 202 a factor of 3557907608?
True
Is 14 a factor of 124958013?
False
Does 668 divide 26487205?
False
Does 38 divide 186021903?
False
Does 2007 divide 14689233?
True
Is 5 a factor of 53791789?
False
Does 1574 divide 111102190?
False
Is 1423612572 a multiple of 628?
True
Is 18 a factor of 5513310?
True
Does 6879 divide 680002908?
True
Is 30659055 a multiple of 343?
True
Does 19 divide 121997672?
False
Is 22292392 a multiple of 6303?
False
Is 7118 a factor of 2760267866?
True
Is 221485533 a multiple of 1559?
False
Does 1640 divide 18967849?
False
Is 2967 a factor of 1172868603?
False
Does 168 divide 4796349?
False
Is 159 a factor of 1359760567?
False
Does 370 divide 393510910?
True
Is 6513 a factor of 547339494?
True
Does 64 divide 40454327?
False
Is 14 a factor of 414256?
False
Is 120846480 a multiple of 348?
True
Is 7 a factor of 4596207?
True
Is 33 a factor of 153226558?
False
Is 114381 a multiple of 544?
False
Is 45 a factor of 827949555?
True
Is 140125077 a multiple of 67?
False
Is 374 a factor of 112750067?
False
Is 36564252 a multiple of 42?
False
Does 232 divide 148298808?
True
Is 31519331 a multiple of 2?
False
Is 15 a factor of 54397868?
False
Does 904 divide 124475933?
False
Is 44 a factor of 67114641?
False
Does 1242 divide 1363349721?
False
Does 1749 divide 301030884?
True
Does 840 divide 851242132?
False
Is 37688548 a multiple of 188?
True
Does 10 divide 39668351?
False
Is 5122088764 a multiple of 5591?
False
Is 151 a factor of 78095237?
True
Does 7 divide 50132187?
True
Is 158463232 a multiple of 32?
True
Does 110 divide 632441040?
True
Is 355701 a multiple of 9?
False
Is 71724111 a multiple of 1723?
False
Is 34742645 a multiple of 7?
True
Is 1190 a factor of 394539740?
True
Is 4746739 a multiple of 16?
False
Does 35 divide 45322950?
False
Is 284674376 a multiple of 56?
True
Is 188111340 a multiple of 45?
True
Is 239076955 a multiple of 23?
False
Is 202489961 a multiple of 1441?
False
Is 389 a factor of 22541383?
True
Does 57 divide 681861873?
True
Is 70065914 a multiple of 2?
True
Does 24 divide 645585960?
True
Does 33 divide 175586539?
False
Is 1334 a factor of 393355214?
False
Does 24 divide 52011259?
False
Does 11 divide 3112944?
False
Is 119510735 a multiple of 592?
False
Is 3 a factor of 9605186?
False
Is 253247170 a multiple of 4325?
False
Does 339 divide 73725311?
False
Is 22 a factor of 111672902?
True
Is 2005866 a multiple of 2?
True
Is 76 a factor of 123290544?
True
Is 40 a factor of 69976922?
False
Is 590 a factor of 39401860?
False
Is 923 a factor of 447944822?
True
Is 198 a factor of 29751447?
False
Does 6752 divide 2333333782?
False
Is 179 a factor of 49529880?
False
Is 233801340 a multiple of 12?
True
Does 235 divide 14005194?
False
Is 11573465 a multiple of 925?
False
Does 150 divide 29382900?
True
Is 543 a factor of 432246395?
False
Is 11 a factor of 477581161?
False
Is 756274792 a multiple of 379?
True
Does 77 divide 8418199?
False
Is 419753511 a multiple of 261?
True
Is 14916661 a multiple of 3?
False
Is 358699725 a multiple of 5675?
True
Is 36 a factor of 31382172?
True
Does 7 divide 2965089316?
True
Is 100 a factor of 377660100?
True
Does 1085 divide 121754360?
True
Is 21575550 a multiple of 51?
True
Is 6 a factor of 36273599?
False
Is 652 a factor of 2476201096?
False
Is 3019 a factor of 497947822?
True
Does 19 divide 4525284124?
False
Is 1794 a factor of 153160846?
False
Is 248 a factor of 169434843?
False
Is 11670365 a multiple of 521?
False
Does 779 divide 166625843?
False
Does 114 divide 27281112?
True
Is 2841 a factor of 2988158118?
True
Is 77846182 a multiple of 28?
False
Is 11627507 a multiple of 17?
True
Is 12 a factor of 1423414848?
True
Does 30 divide 56783070?
True
Is 2709281 a multiple of 19?
False
Does 330 divide 38659462?
False
Is 1576270812 a multiple of 1068?
True
Is 14 a factor of 14259238?
True
Does 19 divide 2836073?
True
Is 224789340 a multiple of 2382?
True
Is 45082872 a multiple of 54?
True
Is 73214205 a multiple of 325?
False
Does 76 divide 8122775?
False
Is 20282292 a multiple of 68?
True
Does 103 divide 175602374?
False
Does 10 divide 22970798?
False
Is 1796 a factor of 8910372?
False
Is 1180 a factor of 1220417177?
False
Is 4867365423 a multiple of 103?
False
Is 227 a factor of 98057417?
True
Is 161 a factor of 43197588?
True
Is 73246774 a multiple of 14?
False
Does 92 divide 3883937596?
True
Is 8782110 a multiple of 548?
False
Is 148 a factor of 58088964?
True
Is 9677393 a multiple of 864?
False
Does 1446 divide 376817606?
False
Is 56 a factor of 43281877?
False
Does 852 divide 1345221948?
True
Does 7 divide 1522009153?
True
Does 287 divide 958449702?
True
Does 949 divide 1607902088?
True
Is 18520 a factor of 8390487097?
False
Is 12 a factor of 14068228?
False
Is 14 a factor of 64160860?
False
Does 26 divide 231340568?
False
Is 10 a factor of 2091440?
True
Does 347 divide 261558537?
True
Does 25 divide 1000700224?
False
Is 18 a factor of 20343636?
True
Does 144 divide 32796084?
False
Does 17 divide 5264909972?
False
Does 9 divide 48257774?
False
Is 1053637510 a multiple of 42?
False
Is 42503182 a multiple of 17?
False
Is 21939866 a multiple of 68?
False
Is 1738 a factor of 3238175556?
True
Is 43669334 a multiple of 3639?
False
Is 3605232 a multiple of 6?
True
Is 1331202 a multiple of 62?
True
Is 601174896 a multiple of 24?
True
Is 51 a factor of 70584?
True
Is 25165297 a multiple of 3?
False
Is 611967032 a multiple of 7?
False
Does 230 divide 116815390?
True
Is 636730146 a multiple of 18?
True
Does 1423 divide 219980147?
True
Does 2103 divide 1200034890?
True
Is 14 a factor of 2852493968?
False
Does 31 divide 4014069373?
False
Is 1940 a factor of 622253515?
False
Is 69271546 a multiple of 31?
True
Is 1922 a factor of 249414096?
True
Is 781804761 a multiple of 392?
False
Is 28 a factor of 778617392?
True
Does 9 divide 77856039?
True
Is 23492243 a multiple of 364?
False
Is 2949755 a multiple of 5?
True
Does 169 divide 165628957?
True
Is 11097172 a multiple of 6?
False
Is 914 a factor of 7395908?
False
Is 36 a factor of 572752163?
False
Does 2809 divide 1696435945?
False
Is 293 a factor of 56563357?
True
Does 42 divide 606